{"id":75,"date":"2023-03-14T08:39:01","date_gmt":"2023-03-14T08:39:01","guid":{"rendered":"https:\/\/huelvadigital.com\/pweb\/?page_id=75"},"modified":"2023-04-16T17:01:15","modified_gmt":"2023-04-16T17:01:15","slug":"pesaje-industrial","status":"publish","type":"page","link":"https:\/\/huelvadigital.com\/pweb\/pesaje-industrial\/","title":{"rendered":"Pesaje Industrial"},"content":{"rendered":"\n<div class=\"wp-block-cover alignfull is-light\"><span aria-hidden=\"true\" class=\"wp-block-cover__background has-background-dim\"><\/span><img data-recalc-dims=\"1\" loading=\"lazy\" decoding=\"async\" width=\"1599\" height=\"1200\" class=\"wp-block-cover__image-background wp-image-155\" alt=\"\" src=\"https:\/\/i0.wp.com\/huelvadigital.com\/pweb\/wp-content\/uploads\/2023\/03\/basculacamiones-1.jpg?resize=1599%2C1200&#038;ssl=1\" style=\"object-position:0% 56%\" data-object-fit=\"cover\" data-object-position=\"0% 56%\" srcset=\"https:\/\/i0.wp.com\/huelvadigital.com\/pweb\/wp-content\/uploads\/2023\/03\/basculacamiones-1.jpg?w=1599&amp;ssl=1 1599w, https:\/\/i0.wp.com\/huelvadigital.com\/pweb\/wp-content\/uploads\/2023\/03\/basculacamiones-1.jpg?resize=300%2C225&amp;ssl=1 300w, https:\/\/i0.wp.com\/huelvadigital.com\/pweb\/wp-content\/uploads\/2023\/03\/basculacamiones-1.jpg?resize=1024%2C768&amp;ssl=1 1024w, https:\/\/i0.wp.com\/huelvadigital.com\/pweb\/wp-content\/uploads\/2023\/03\/basculacamiones-1.jpg?resize=768%2C576&amp;ssl=1 768w, https:\/\/i0.wp.com\/huelvadigital.com\/pweb\/wp-content\/uploads\/2023\/03\/basculacamiones-1.jpg?resize=1536%2C1153&amp;ssl=1 1536w\" sizes=\"auto, (max-width: 1000px) 100vw, 1000px\" \/><div class=\"wp-block-cover__inner-container is-layout-flow wp-block-cover-is-layout-flow\">\n<p class=\"has-text-align-center has-white-color has-text-color has-large-font-size\">PESAJE INDUSTRIAL<\/p>\n<\/div><\/div>\n\n\n\n<p class=\"has-text-align-center has-small-font-size\">En Huelva digital, contamos con un equipo preparado no solo para el pesaje a a nivel <a href=\"https:\/\/huelvadigital.com\/pweb\/pesaje-comercial-2\/\" target=\"_blank\" rel=\"noreferrer noopener\">comercial<\/a>, si no tambi\u00e9n preparado para asistir en la venta y reparaci\u00f3n dentro del \u00e1mbito industrial. Cooperativas, l\u00edneas de producci\u00f3n, pesaje de camiones o mataderos son algunos de los \u00e1mbitos donde trabajan nuestros clientes industriales.<\/p>\n\n\n\n<div class=\"wp-block-cover alignfull is-light aploanim scalein \" style=\"min-height:393px;aspect-ratio:unset;\"><span aria-hidden=\"true\" class=\"wp-block-cover__background has-background-dim\"><\/span><img data-recalc-dims=\"1\" loading=\"lazy\" decoding=\"async\" width=\"1474\" height=\"983\" class=\"wp-block-cover__image-background wp-image-396\" alt=\"\" src=\"https:\/\/i0.wp.com\/huelvadigital.com\/pweb\/wp-content\/uploads\/2023\/04\/controlador-peso-automatico-dibal-3108-1532-1-x.jpg?resize=1474%2C983&#038;ssl=1\" style=\"object-position:52% 35%\" data-object-fit=\"cover\" data-object-position=\"52% 35%\" srcset=\"https:\/\/i0.wp.com\/huelvadigital.com\/pweb\/wp-content\/uploads\/2023\/04\/controlador-peso-automatico-dibal-3108-1532-1-x.jpg?w=1474&amp;ssl=1 1474w, https:\/\/i0.wp.com\/huelvadigital.com\/pweb\/wp-content\/uploads\/2023\/04\/controlador-peso-automatico-dibal-3108-1532-1-x.jpg?resize=300%2C200&amp;ssl=1 300w, https:\/\/i0.wp.com\/huelvadigital.com\/pweb\/wp-content\/uploads\/2023\/04\/controlador-peso-automatico-dibal-3108-1532-1-x.jpg?resize=1024%2C683&amp;ssl=1 1024w, https:\/\/i0.wp.com\/huelvadigital.com\/pweb\/wp-content\/uploads\/2023\/04\/controlador-peso-automatico-dibal-3108-1532-1-x.jpg?resize=768%2C512&amp;ssl=1 768w\" sizes=\"auto, (max-width: 1000px) 100vw, 1000px\" \/><div class=\"wp-block-cover__inner-container is-layout-flow wp-block-cover-is-layout-flow\">\n<p class=\"has-text-align-center has-white-color has-text-color has-large-font-size\">L\u00edneas de producci\u00f3n y control de peso<\/p>\n<\/div><\/div>\n\n\n\n<p class=\"has-text-align-center has-small-font-size\">L\u00edneas de producci\u00f3n, l\u00edneas de control de peso, detecci\u00f3n de metales&#8230; montamos y mantenemos todo tipo de l\u00ednea de producci\u00f3n o operatividad. Maquinaria de primeras <a href=\"https:\/\/www.dibal.com\/es\" target=\"_blank\" rel=\"noreferrer noopener\">marcas<\/a> Espa\u00f1olas con mas de 50 a\u00f1os de experiencia en el pesaje. Todo lo necesaria para que una fabrica funcione y controle lo mas importante que hay en ella, su producto.<\/p>\n\n\n\n<div class=\"wp-block-cover alignfull is-light aploanim scalein \" style=\"min-height:360px;aspect-ratio:unset;\"><span aria-hidden=\"true\" class=\"wp-block-cover__background has-background-dim\"><\/span><img data-recalc-dims=\"1\" loading=\"lazy\" decoding=\"async\" width=\"1474\" height=\"983\" class=\"wp-block-cover__image-background wp-image-401\" alt=\"\" src=\"https:\/\/i0.wp.com\/huelvadigital.com\/pweb\/wp-content\/uploads\/2023\/04\/etiquetadora-pesadora-automatica-dibal-3115-1554-1-x.jpeg?resize=1474%2C983&#038;ssl=1\" style=\"object-position:46% 34%\" data-object-fit=\"cover\" data-object-position=\"46% 34%\" srcset=\"https:\/\/i0.wp.com\/huelvadigital.com\/pweb\/wp-content\/uploads\/2023\/04\/etiquetadora-pesadora-automatica-dibal-3115-1554-1-x.jpeg?w=1474&amp;ssl=1 1474w, https:\/\/i0.wp.com\/huelvadigital.com\/pweb\/wp-content\/uploads\/2023\/04\/etiquetadora-pesadora-automatica-dibal-3115-1554-1-x.jpeg?resize=300%2C200&amp;ssl=1 300w, https:\/\/i0.wp.com\/huelvadigital.com\/pweb\/wp-content\/uploads\/2023\/04\/etiquetadora-pesadora-automatica-dibal-3115-1554-1-x.jpeg?resize=1024%2C683&amp;ssl=1 1024w, https:\/\/i0.wp.com\/huelvadigital.com\/pweb\/wp-content\/uploads\/2023\/04\/etiquetadora-pesadora-automatica-dibal-3115-1554-1-x.jpeg?resize=768%2C512&amp;ssl=1 768w\" sizes=\"auto, (max-width: 1000px) 100vw, 1000px\" \/><div class=\"wp-block-cover__inner-container is-layout-flow wp-block-cover-is-layout-flow\">\n<p class=\"has-text-align-center has-white-color has-text-color has-large-font-size\">Lineas de peso y Etiquetado<\/p>\n<\/div><\/div>\n\n\n\n<p class=\"has-text-align-center has-small-font-size\">El etiquetado es otro de los factores mas importantes dentro de fabricas o industrias, en Huelva Digital, trabajamos para que ese factor sea lo mas comodo, efectivo y mas fiel a la ley. El etiquetado de un producto es su carnet de identidad, y todo queremos estar orgulloso de nuestro pruducto.<\/p>\n\n\n\n<div class=\"wp-block-cover alignfull is-light aploanim scalein \"><span aria-hidden=\"true\" class=\"wp-block-cover__background has-background-dim\"><\/span><img data-recalc-dims=\"1\" loading=\"lazy\" decoding=\"async\" width=\"1599\" height=\"1200\" class=\"wp-block-cover__image-background wp-image-155\" alt=\"\" src=\"https:\/\/i0.wp.com\/huelvadigital.com\/pweb\/wp-content\/uploads\/2023\/03\/basculacamiones-1.jpg?resize=1599%2C1200&#038;ssl=1\" data-object-fit=\"cover\" srcset=\"https:\/\/i0.wp.com\/huelvadigital.com\/pweb\/wp-content\/uploads\/2023\/03\/basculacamiones-1.jpg?w=1599&amp;ssl=1 1599w, https:\/\/i0.wp.com\/huelvadigital.com\/pweb\/wp-content\/uploads\/2023\/03\/basculacamiones-1.jpg?resize=300%2C225&amp;ssl=1 300w, https:\/\/i0.wp.com\/huelvadigital.com\/pweb\/wp-content\/uploads\/2023\/03\/basculacamiones-1.jpg?resize=1024%2C768&amp;ssl=1 1024w, https:\/\/i0.wp.com\/huelvadigital.com\/pweb\/wp-content\/uploads\/2023\/03\/basculacamiones-1.jpg?resize=768%2C576&amp;ssl=1 768w, https:\/\/i0.wp.com\/huelvadigital.com\/pweb\/wp-content\/uploads\/2023\/03\/basculacamiones-1.jpg?resize=1536%2C1153&amp;ssl=1 1536w\" sizes=\"auto, (max-width: 1000px) 100vw, 1000px\" \/><div class=\"wp-block-cover__inner-container is-layout-flow wp-block-cover-is-layout-flow\">\n<p class=\"has-text-align-center has-white-color has-text-color has-large-font-size\">Basculas de camiones<\/p>\n<\/div><\/div>\n\n\n\n<p class=\"has-text-align-center has-small-font-size\">Cunado el producto sale de la fabrica, y es cargado en los camiones que lo van a trasportar, el trato de ese producto sigue siendo igual o mas importante que en su control en fabrica. Para eso, para que el producto llegue a su destino, es importante el buen funcionamiento de la bascula donde  va a ser pesado el veh\u00edculo donde va a ser transportado. En Huelva digital no solo montamos, sino mantenemos y seguimos de muy cerca el funcionamiento y control de dicha bascula.<\/p>\n","protected":false},"excerpt":{"rendered":"<p>En Huelva digital, contamos con un equipo preparado no solo para el pesaje a a nivel comercial, si no tambi\u00e9n preparado para asistir en la venta y reparaci\u00f3n dentro del \u00e1mbito industrial. Cooperativas, l\u00edneas de producci\u00f3n, pesaje de camiones o mataderos son algunos de los \u00e1mbitos donde trabajan nuestros clientes industriales. L\u00edneas de producci\u00f3n, l\u00edneas [&hellip;]<\/p>\n","protected":false},"author":1,"featured_media":0,"parent":0,"menu_order":0,"comment_status":"closed","ping_status":"closed","template":"","meta":{"nf_dc_page":"","footnotes":""},"class_list":["post-75","page","type-page","status-publish","hentry"],"jetpack_sharing_enabled":true,"_links":{"self":[{"href":"https:\/\/huelvadigital.com\/pweb\/wp-json\/wp\/v2\/pages\/75","targetHints":{"allow":["GET"]}}],"collection":[{"href":"https:\/\/huelvadigital.com\/pweb\/wp-json\/wp\/v2\/pages"}],"about":[{"href":"https:\/\/huelvadigital.com\/pweb\/wp-json\/wp\/v2\/types\/page"}],"author":[{"embeddable":true,"href":"https:\/\/huelvadigital.com\/pweb\/wp-json\/wp\/v2\/users\/1"}],"replies":[{"embeddable":true,"href":"https:\/\/huelvadigital.com\/pweb\/wp-json\/wp\/v2\/comments?post=75"}],"version-history":[{"count":10,"href":"https:\/\/huelvadigital.com\/pweb\/wp-json\/wp\/v2\/pages\/75\/revisions"}],"predecessor-version":[{"id":407,"href":"https:\/\/huelvadigital.com\/pweb\/wp-json\/wp\/v2\/pages\/75\/revisions\/407"}],"wp:attachment":[{"href":"https:\/\/huelvadigital.com\/pweb\/wp-json\/wp\/v2\/media?parent=75"}],"curies":[{"name":"wp","href":"https:\/\/api.w.org\/{rel}","templated":true}]}}