{"id":71,"date":"2023-03-14T08:38:08","date_gmt":"2023-03-14T08:38:08","guid":{"rendered":"https:\/\/huelvadigital.com\/pweb\/?page_id=71"},"modified":"2023-04-17T08:31:35","modified_gmt":"2023-04-17T08:31:35","slug":"maquinaria","status":"publish","type":"page","link":"https:\/\/huelvadigital.com\/pweb\/maquinaria\/","title":{"rendered":"Maquinaria"},"content":{"rendered":"\n<div class=\"wp-block-cover alignfull\"><span aria-hidden=\"true\" class=\"wp-block-cover__background has-background-dim\"><\/span><img data-recalc-dims=\"1\" loading=\"lazy\" decoding=\"async\" width=\"640\" height=\"427\" class=\"wp-block-cover__image-background wp-image-412\" alt=\"\" src=\"https:\/\/i0.wp.com\/huelvadigital.com\/pweb\/wp-content\/uploads\/2023\/04\/%C2%BFQue-necesitas-de-maquinaria-para-charcuterias-y-supermercados.jpg?resize=640%2C427&#038;ssl=1\" style=\"object-position:51% 15%\" data-object-fit=\"cover\" data-object-position=\"51% 15%\" srcset=\"https:\/\/i0.wp.com\/huelvadigital.com\/pweb\/wp-content\/uploads\/2023\/04\/%C2%BFQue-necesitas-de-maquinaria-para-charcuterias-y-supermercados.jpg?w=640&amp;ssl=1 640w, https:\/\/i0.wp.com\/huelvadigital.com\/pweb\/wp-content\/uploads\/2023\/04\/%C2%BFQue-necesitas-de-maquinaria-para-charcuterias-y-supermercados.jpg?resize=300%2C200&amp;ssl=1 300w\" sizes=\"auto, (max-width: 640px) 100vw, 640px\" \/><div class=\"wp-block-cover__inner-container is-layout-flow wp-block-cover-is-layout-flow\">\n<p class=\"has-text-align-center has-large-font-size\">MAQUINARIA<\/p>\n<\/div><\/div>\n\n\n\n<p class=\"has-text-align-center has-small-font-size\">En <a href=\"https:\/\/huelvadigital.com\/pweb\">Huelva digital<\/a> contamos con todo tipo de maquinaria para su negocio, ya se trate de envasadoras al vac\u00edo, embutidoras, cortadoras, picadoras y un largo etc.<\/p>\n\n\n\n<p class=\"has-text-align-center has-small-font-size\">Contamos con marcas 100% profesionales, porque sabemos que en un negocio no es un domicilio particular, nuestras marcas est\u00e1n hechas para trabajar en las condiciones que un profesional necesita. Y siempre con la seguridad tanto para el empleado como para el cliente.<\/p>\n\n\n\n<figure class=\"wp-block-gallery has-nested-images columns-default is-cropped wp-block-gallery-1 is-layout-flex wp-block-gallery-is-layout-flex\">\n<figure class=\"wp-block-image size-full is-style-rounded aploanim fadeup \"><img data-recalc-dims=\"1\" loading=\"lazy\" decoding=\"async\" width=\"300\" height=\"375\" data-id=\"417\" src=\"https:\/\/i0.wp.com\/huelvadigital.com\/pweb\/wp-content\/uploads\/2023\/04\/1BC22.jpg?resize=300%2C375&#038;ssl=1\" alt=\"\" class=\"wp-image-417\" srcset=\"https:\/\/i0.wp.com\/huelvadigital.com\/pweb\/wp-content\/uploads\/2023\/04\/1BC22.jpg?w=300&amp;ssl=1 300w, https:\/\/i0.wp.com\/huelvadigital.com\/pweb\/wp-content\/uploads\/2023\/04\/1BC22.jpg?resize=240%2C300&amp;ssl=1 240w\" sizes=\"auto, (max-width: 300px) 100vw, 300px\" \/><\/figure>\n\n\n\n<figure class=\"wp-block-image size-large is-style-rounded aploanim fadein \"><a href=\"https:\/\/mainca.com\/es\/inicio.html\"><img data-recalc-dims=\"1\" loading=\"lazy\" decoding=\"async\" width=\"300\" height=\"375\" data-id=\"415\" src=\"https:\/\/i0.wp.com\/huelvadigital.com\/pweb\/wp-content\/uploads\/2023\/04\/PX32.jpg?resize=300%2C375&#038;ssl=1\" alt=\"\" class=\"wp-image-415\" srcset=\"https:\/\/i0.wp.com\/huelvadigital.com\/pweb\/wp-content\/uploads\/2023\/04\/PX32.jpg?w=300&amp;ssl=1 300w, https:\/\/i0.wp.com\/huelvadigital.com\/pweb\/wp-content\/uploads\/2023\/04\/PX32.jpg?resize=240%2C300&amp;ssl=1 240w\" sizes=\"auto, (max-width: 300px) 100vw, 300px\" \/><\/a><\/figure>\n\n\n\n<figure class=\"wp-block-image size-full is-style-rounded aploanim fadedown \"><img data-recalc-dims=\"1\" loading=\"lazy\" decoding=\"async\" width=\"300\" height=\"375\" data-id=\"418\" src=\"https:\/\/i0.wp.com\/huelvadigital.com\/pweb\/wp-content\/uploads\/2023\/04\/CF350.jpg?resize=300%2C375&#038;ssl=1\" alt=\"\" class=\"wp-image-418\" srcset=\"https:\/\/i0.wp.com\/huelvadigital.com\/pweb\/wp-content\/uploads\/2023\/04\/CF350.jpg?w=300&amp;ssl=1 300w, https:\/\/i0.wp.com\/huelvadigital.com\/pweb\/wp-content\/uploads\/2023\/04\/CF350.jpg?resize=240%2C300&amp;ssl=1 240w\" sizes=\"auto, (max-width: 300px) 100vw, 300px\" \/><\/figure>\n<\/figure>\n\n\n\n<p class=\"has-text-align-center has-small-font-size\">Fiabilidad, durabilidad y calidad, todo unido en la maquinaria para que su negocio sea lo efectivo y autosuficiente posible. Ya si solo vende o envasa al vacio, o elabora sus propios productos es importante equiparse con las mejores herramientas del mercado. Usted, sus empleados y clientes lo agradeceran.<\/p>\n\n\n\n<div class=\"wp-block-columns is-layout-flex wp-container-core-columns-is-layout-28f84493 wp-block-columns-is-layout-flex\">\n<div class=\"wp-block-column is-layout-flow wp-block-column-is-layout-flow\">\n<figure class=\"wp-block-embed is-type-video is-provider-youtube wp-block-embed-youtube wp-embed-aspect-4-3 wp-has-aspect-ratio\"><div class=\"wp-block-embed__wrapper\">\n<iframe loading=\"lazy\" title=\"BM3000JV\" width=\"500\" height=\"375\" src=\"https:\/\/www.youtube.com\/embed\/Y7NH0YDQaxw?feature=oembed\" frameborder=\"0\" allow=\"accelerometer; autoplay; clipboard-write; encrypted-media; gyroscope; picture-in-picture; web-share\" referrerpolicy=\"strict-origin-when-cross-origin\" allowfullscreen><\/iframe>\n<\/div><\/figure>\n<\/div>\n\n\n\n<div class=\"wp-block-column is-layout-flow wp-block-column-is-layout-flow\">\n<figure class=\"wp-block-embed is-type-video is-provider-youtube wp-block-embed-youtube wp-embed-aspect-4-3 wp-has-aspect-ratio\"><div class=\"wp-block-embed__wrapper\">\n<iframe loading=\"lazy\" title=\"PC82\" width=\"500\" height=\"375\" src=\"https:\/\/www.youtube.com\/embed\/6aAUmp0NLOc?feature=oembed\" frameborder=\"0\" allow=\"accelerometer; autoplay; clipboard-write; encrypted-media; gyroscope; picture-in-picture; web-share\" referrerpolicy=\"strict-origin-when-cross-origin\" allowfullscreen><\/iframe>\n<\/div><\/figure>\n<\/div>\n\n\n\n<div class=\"wp-block-column is-layout-flow wp-block-column-is-layout-flow\">\n<figure class=\"wp-block-embed is-type-video is-provider-youtube wp-block-embed-youtube wp-embed-aspect-4-3 wp-has-aspect-ratio\"><div class=\"wp-block-embed__wrapper\">\n<iframe loading=\"lazy\" title=\"RM mixers\" width=\"500\" height=\"375\" src=\"https:\/\/www.youtube.com\/embed\/7QB89FKTNRc?start=11&#038;feature=oembed\" frameborder=\"0\" allow=\"accelerometer; autoplay; clipboard-write; encrypted-media; gyroscope; picture-in-picture; web-share\" referrerpolicy=\"strict-origin-when-cross-origin\" allowfullscreen><\/iframe>\n<\/div><\/figure>\n<\/div>\n<\/div>\n\n\n\n<p class=\"has-text-align-center has-small-font-size\">Huelva Digital cuenta con servicio t\u00e9cnico propio, no se la juegue comprando una maquina con un valor tan alto tanto en lo econ\u00f3mico como en lo laboral. Con nuestro servicio t\u00e9cnico especializado, tendr\u00e1 siempre sus aparatos a punto y optimizados, <\/p>\n\n\n\n<div class=\"wp-block-cover alignfull is-light aploanim txtexpandin \"><span aria-hidden=\"true\" class=\"wp-block-cover__background has-background-dim\"><\/span><img data-recalc-dims=\"1\" loading=\"lazy\" decoding=\"async\" width=\"500\" height=\"500\" class=\"wp-block-cover__image-background wp-image-430\" alt=\"\" src=\"https:\/\/i0.wp.com\/huelvadigital.com\/pweb\/wp-content\/uploads\/2023\/04\/FullSizeRender-11-500x500-1.jpg?resize=500%2C500&#038;ssl=1\" style=\"object-position:49% 33%\" data-object-fit=\"cover\" data-object-position=\"49% 33%\" srcset=\"https:\/\/i0.wp.com\/huelvadigital.com\/pweb\/wp-content\/uploads\/2023\/04\/FullSizeRender-11-500x500-1.jpg?w=500&amp;ssl=1 500w, https:\/\/i0.wp.com\/huelvadigital.com\/pweb\/wp-content\/uploads\/2023\/04\/FullSizeRender-11-500x500-1.jpg?resize=300%2C300&amp;ssl=1 300w, https:\/\/i0.wp.com\/huelvadigital.com\/pweb\/wp-content\/uploads\/2023\/04\/FullSizeRender-11-500x500-1.jpg?resize=150%2C150&amp;ssl=1 150w\" sizes=\"auto, (max-width: 500px) 100vw, 500px\" \/><div class=\"wp-block-cover__inner-container is-layout-flow wp-block-cover-is-layout-flow\">\n<p class=\"has-text-align-center has-white-color has-text-color has-large-font-size\">Consumibles<\/p>\n<\/div><\/div>\n\n\n\n<p class=\"has-text-align-center has-small-font-size\">Contamos con todos los consumibles que usara d\u00eda a d\u00eda para su negocio. Porta precios, cuchillas para cortadoras y picadoras, bolsas para envasado, papel t\u00e9rmico para balanza y etiquetas de todo material y tama\u00f1o.<\/p>\n\n\n\n<p class=\"has-text-align-center\">Huelva digital es una soluci\u00f3n para todo los aspecto de su negocio<\/p>\n","protected":false},"excerpt":{"rendered":"<p>En Huelva digital contamos con todo tipo de maquinaria para su negocio, ya se trate de envasadoras al vac\u00edo, embutidoras, cortadoras, picadoras y un largo etc. Contamos con marcas 100% profesionales, porque sabemos que en un negocio no es un domicilio particular, nuestras marcas est\u00e1n hechas para trabajar en las condiciones que un profesional necesita. [&hellip;]<\/p>\n","protected":false},"author":1,"featured_media":0,"parent":0,"menu_order":0,"comment_status":"closed","ping_status":"closed","template":"","meta":{"nf_dc_page":"","footnotes":""},"class_list":["post-71","page","type-page","status-publish","hentry"],"jetpack_sharing_enabled":true,"_links":{"self":[{"href":"https:\/\/huelvadigital.com\/pweb\/wp-json\/wp\/v2\/pages\/71","targetHints":{"allow":["GET"]}}],"collection":[{"href":"https:\/\/huelvadigital.com\/pweb\/wp-json\/wp\/v2\/pages"}],"about":[{"href":"https:\/\/huelvadigital.com\/pweb\/wp-json\/wp\/v2\/types\/page"}],"author":[{"embeddable":true,"href":"https:\/\/huelvadigital.com\/pweb\/wp-json\/wp\/v2\/users\/1"}],"replies":[{"embeddable":true,"href":"https:\/\/huelvadigital.com\/pweb\/wp-json\/wp\/v2\/comments?post=71"}],"version-history":[{"count":14,"href":"https:\/\/huelvadigital.com\/pweb\/wp-json\/wp\/v2\/pages\/71\/revisions"}],"predecessor-version":[{"id":455,"href":"https:\/\/huelvadigital.com\/pweb\/wp-json\/wp\/v2\/pages\/71\/revisions\/455"}],"wp:attachment":[{"href":"https:\/\/huelvadigital.com\/pweb\/wp-json\/wp\/v2\/media?parent=71"}],"curies":[{"name":"wp","href":"https:\/\/api.w.org\/{rel}","templated":true}]}}