{"id":206,"date":"2023-04-11T08:50:25","date_gmt":"2023-04-11T08:50:25","guid":{"rendered":"https:\/\/huelvadigital.com\/pweb\/?page_id=206"},"modified":"2023-04-16T18:58:56","modified_gmt":"2023-04-16T18:58:56","slug":"tpv","status":"publish","type":"page","link":"https:\/\/huelvadigital.com\/pweb\/tpv\/","title":{"rendered":"TPV"},"content":{"rendered":"\n<div class=\"wp-block-cover alignfull is-light\"><span aria-hidden=\"true\" class=\"wp-block-cover__background has-background-dim\"><\/span><img data-recalc-dims=\"1\" loading=\"lazy\" decoding=\"async\" width=\"1080\" height=\"675\" class=\"wp-block-cover__image-background wp-image-310\" alt=\"\" src=\"https:\/\/i0.wp.com\/huelvadigital.com\/pweb\/wp-content\/uploads\/2023\/04\/agora-tpv.jpg?resize=1080%2C675&#038;ssl=1\" style=\"object-position:54% 100%\" data-object-fit=\"cover\" data-object-position=\"54% 100%\" srcset=\"https:\/\/i0.wp.com\/huelvadigital.com\/pweb\/wp-content\/uploads\/2023\/04\/agora-tpv.jpg?w=1080&amp;ssl=1 1080w, https:\/\/i0.wp.com\/huelvadigital.com\/pweb\/wp-content\/uploads\/2023\/04\/agora-tpv.jpg?resize=300%2C188&amp;ssl=1 300w, https:\/\/i0.wp.com\/huelvadigital.com\/pweb\/wp-content\/uploads\/2023\/04\/agora-tpv.jpg?resize=1024%2C640&amp;ssl=1 1024w, https:\/\/i0.wp.com\/huelvadigital.com\/pweb\/wp-content\/uploads\/2023\/04\/agora-tpv.jpg?resize=768%2C480&amp;ssl=1 768w\" sizes=\"auto, (max-width: 1000px) 100vw, 1000px\" \/><div class=\"wp-block-cover__inner-container is-layout-flow wp-block-cover-is-layout-flow\">\n<p class=\"has-text-align-center has-white-color has-text-color has-x-large-font-size\">TPV<\/p>\n<\/div><\/div>\n\n\n\n<p class=\"has-text-align-center has-small-font-size\">En 1998, cuando Huelva Digital abri\u00f3 sus puestas, el TPV no exist\u00eda, eran las registradoras las que controlaban las transacciones de un negocio. Pero eso ya cambio, el TPV entro en la vida del empresario espa\u00f1ol para darle comodidad y rentabilidad de su negocio. En Huelva Digital, siempre fuimos profesionales de la registradora, pero como nuestros clientes, hemos ido adapt\u00e1ndonos a las nuevas tecnolog\u00edas hasta convertirnos en una de las empresas de TPV mas representativas en la provincia.<\/p>\n\n\n\n<figure class=\"wp-block-gallery alignwide has-nested-images columns-default is-cropped wp-block-gallery-1 is-layout-flex wp-block-gallery-is-layout-flex\">\n<figure class=\"wp-block-image aligncenter size-full is-style-rounded aploanim scalein \"><img data-recalc-dims=\"1\" loading=\"lazy\" decoding=\"async\" width=\"1024\" height=\"575\" data-id=\"316\" src=\"https:\/\/i0.wp.com\/huelvadigital.com\/pweb\/wp-content\/uploads\/2023\/04\/super.jpg?resize=1024%2C575&#038;ssl=1\" alt=\"\" class=\"wp-image-316\" srcset=\"https:\/\/i0.wp.com\/huelvadigital.com\/pweb\/wp-content\/uploads\/2023\/04\/super.jpg?w=1024&amp;ssl=1 1024w, https:\/\/i0.wp.com\/huelvadigital.com\/pweb\/wp-content\/uploads\/2023\/04\/super.jpg?resize=300%2C168&amp;ssl=1 300w, https:\/\/i0.wp.com\/huelvadigital.com\/pweb\/wp-content\/uploads\/2023\/04\/super.jpg?resize=768%2C431&amp;ssl=1 768w\" sizes=\"auto, (max-width: 1000px) 100vw, 1000px\" \/><figcaption class=\"wp-element-caption\">SUPERMERCADOS<\/figcaption><\/figure>\n\n\n\n<figure class=\"wp-block-image aligncenter size-large is-style-rounded aploanim scalein \"><img data-recalc-dims=\"1\" loading=\"lazy\" decoding=\"async\" width=\"1024\" height=\"683\" data-id=\"318\" src=\"https:\/\/i0.wp.com\/huelvadigital.com\/pweb\/wp-content\/uploads\/2023\/04\/Ventajas-de-los-comanderos-electronicos-2-1.jpg?resize=1024%2C683&#038;ssl=1\" alt=\"\" class=\"wp-image-318\" srcset=\"https:\/\/i0.wp.com\/huelvadigital.com\/pweb\/wp-content\/uploads\/2023\/04\/Ventajas-de-los-comanderos-electronicos-2-1.jpg?resize=1024%2C683&amp;ssl=1 1024w, https:\/\/i0.wp.com\/huelvadigital.com\/pweb\/wp-content\/uploads\/2023\/04\/Ventajas-de-los-comanderos-electronicos-2-1.jpg?resize=300%2C200&amp;ssl=1 300w, https:\/\/i0.wp.com\/huelvadigital.com\/pweb\/wp-content\/uploads\/2023\/04\/Ventajas-de-los-comanderos-electronicos-2-1.jpg?resize=768%2C512&amp;ssl=1 768w, https:\/\/i0.wp.com\/huelvadigital.com\/pweb\/wp-content\/uploads\/2023\/04\/Ventajas-de-los-comanderos-electronicos-2-1.jpg?resize=1536%2C1024&amp;ssl=1 1536w, https:\/\/i0.wp.com\/huelvadigital.com\/pweb\/wp-content\/uploads\/2023\/04\/Ventajas-de-los-comanderos-electronicos-2-1.jpg?w=1620&amp;ssl=1 1620w\" sizes=\"auto, (max-width: 1000px) 100vw, 1000px\" \/><figcaption class=\"wp-element-caption\">HOSTELERIA<\/figcaption><\/figure>\n\n\n\n<figure class=\"wp-block-image size-full is-style-rounded aploanim scalein \"><img data-recalc-dims=\"1\" loading=\"lazy\" decoding=\"async\" width=\"700\" height=\"500\" data-id=\"319\" src=\"https:\/\/i0.wp.com\/huelvadigital.com\/pweb\/wp-content\/uploads\/2023\/04\/integraciones-tpv-retail.jpg?resize=700%2C500&#038;ssl=1\" alt=\"\" class=\"wp-image-319\" srcset=\"https:\/\/i0.wp.com\/huelvadigital.com\/pweb\/wp-content\/uploads\/2023\/04\/integraciones-tpv-retail.jpg?w=700&amp;ssl=1 700w, https:\/\/i0.wp.com\/huelvadigital.com\/pweb\/wp-content\/uploads\/2023\/04\/integraciones-tpv-retail.jpg?resize=300%2C214&amp;ssl=1 300w\" sizes=\"auto, (max-width: 700px) 100vw, 700px\" \/><figcaption class=\"wp-element-caption\">COMERCIO \/ RETAIL<\/figcaption><\/figure>\n<\/figure>\n\n\n\n<p class=\"has-text-align-center has-small-font-size\">Contamos con los software mas apropiados para cada necesidad del cliente, desde un restaurante con Estrella Michelin, hasta el t\u00edpico bar de barrio. Desde una cadena de supermercados, hasta desav\u00edos 24 horas, pasando por estancos, talleres de reparaci\u00f3n, panader\u00edas y tiendas de ropa. Seguro que podemos informatizar su Termina Punto de Venta.<\/p>\n\n\n\n<div class=\"wp-block-cover alignfull is-light aploanim fadein \" style=\"min-height:380px;aspect-ratio:unset;\"><span aria-hidden=\"true\" class=\"wp-block-cover__background has-background-dim\"><\/span><img data-recalc-dims=\"1\" loading=\"lazy\" decoding=\"async\" width=\"604\" height=\"302\" class=\"wp-block-cover__image-background wp-image-322\" alt=\"\" src=\"https:\/\/i0.wp.com\/huelvadigital.com\/pweb\/wp-content\/uploads\/2023\/04\/monitor-de-cocina.jpg?resize=604%2C302&#038;ssl=1\" style=\"object-position:52% 80%\" data-object-fit=\"cover\" data-object-position=\"52% 80%\" srcset=\"https:\/\/i0.wp.com\/huelvadigital.com\/pweb\/wp-content\/uploads\/2023\/04\/monitor-de-cocina.jpg?w=604&amp;ssl=1 604w, https:\/\/i0.wp.com\/huelvadigital.com\/pweb\/wp-content\/uploads\/2023\/04\/monitor-de-cocina.jpg?resize=300%2C150&amp;ssl=1 300w\" sizes=\"auto, (max-width: 604px) 100vw, 604px\" \/><div class=\"wp-block-cover__inner-container is-layout-flow wp-block-cover-is-layout-flow\">\n<p class=\"has-text-align-center has-white-color has-text-color has-large-font-size\">PROFESIONALES DE LA HOSTELERIA<\/p>\n<\/div><\/div>\n\n\n\n<p class=\"has-text-align-center has-small-font-size\">25 a\u00f1os trabajando para mejorar la vida del hostelero. Bares, Restaurantes, PUB, Discotecas, parques infantiles, Hoteles, Comida r\u00e1pida y todo lo que el concepto hosteler\u00eda pueda dar. Adem\u00e1s de la gesti\u00f3n del  TPV, nuestro software tambi\u00e9n es capaz de gestionar el funcionamiento de la cocina, el funcionamiento de la sala y terrazas, el control del almac\u00e9n, la carta de su negocio, reservas, incluso pedidos a domicilio y recoger. Contamos con uno de los <a href=\"https:\/\/www.agorapos.com\/\" target=\"_blank\" rel=\"noreferrer noopener\">software<\/a> mas completo y estable del mercado, hecho dia a dia por las necesidades y peticiones del cliente final.<\/p>\n\n\n\n<div class=\"wp-block-cover alignfull aploanim fadeup \" style=\"min-height:352px;aspect-ratio:unset;\"><span aria-hidden=\"true\" class=\"wp-block-cover__background has-background-dim\"><\/span><img data-recalc-dims=\"1\" loading=\"lazy\" decoding=\"async\" width=\"1000\" height=\"486\" class=\"wp-block-cover__image-background wp-image-339\" alt=\"\" src=\"https:\/\/i0.wp.com\/huelvadigital.com\/pweb\/wp-content\/uploads\/2023\/04\/Familia.png?resize=1000%2C486&#038;ssl=1\" data-object-fit=\"cover\" srcset=\"https:\/\/i0.wp.com\/huelvadigital.com\/pweb\/wp-content\/uploads\/2023\/04\/Familia.png?w=1000&amp;ssl=1 1000w, https:\/\/i0.wp.com\/huelvadigital.com\/pweb\/wp-content\/uploads\/2023\/04\/Familia.png?resize=300%2C146&amp;ssl=1 300w, https:\/\/i0.wp.com\/huelvadigital.com\/pweb\/wp-content\/uploads\/2023\/04\/Familia.png?resize=768%2C373&amp;ssl=1 768w\" sizes=\"auto, (max-width: 1000px) 100vw, 1000px\" \/><div class=\"wp-block-cover__inner-container is-layout-flow wp-block-cover-is-layout-flow\">\n<p class=\"has-text-align-center has-large-font-size\"> Terminales y programas de calidad<\/p>\n<\/div><\/div>\n\n\n\n<div class=\"wp-block-group alignfull has-global-padding is-layout-constrained wp-block-group-is-layout-constrained\">\n<figure class=\"wp-block-gallery alignfull has-nested-images columns-default is-cropped wp-block-gallery-2 is-layout-flex wp-block-gallery-is-layout-flex\">\n<figure class=\"wp-block-image size-large has-custom-border is-style-default aploanim blurin  aplo-has-transforms\" style=\"--aplo-transform-string:translateX(-1px) \"><img data-recalc-dims=\"1\" decoding=\"async\" data-id=\"368\" src=\"https:\/\/i0.wp.com\/huelvadigital.com\/pweb\/wp-content\/uploads\/2023\/04\/M20.png?ssl=1\" alt=\"\" class=\"wp-image-368\" style=\"border-style:none;border-width:0px\"\/><\/figure>\n\n\n\n<figure class=\"wp-block-image alignleft size-full has-custom-border is-style-default aploanim blurin  aplo-has-transforms\" style=\"--aplo-transform-string:translateX(-1px) \"><img data-recalc-dims=\"1\" loading=\"lazy\" decoding=\"async\" width=\"750\" height=\"683\" data-id=\"372\" src=\"https:\/\/i0.wp.com\/huelvadigital.com\/pweb\/wp-content\/uploads\/2023\/04\/Bodegon-tpv-concord.png?resize=750%2C683&#038;ssl=1\" alt=\"\" class=\"wp-image-372\" style=\"border-style:none;border-width:0px\" srcset=\"https:\/\/i0.wp.com\/huelvadigital.com\/pweb\/wp-content\/uploads\/2023\/04\/Bodegon-tpv-concord.png?w=750&amp;ssl=1 750w, https:\/\/i0.wp.com\/huelvadigital.com\/pweb\/wp-content\/uploads\/2023\/04\/Bodegon-tpv-concord.png?resize=300%2C273&amp;ssl=1 300w\" sizes=\"auto, (max-width: 750px) 100vw, 750px\" \/><\/figure>\n\n\n\n<figure class=\"wp-block-image size-full has-custom-border is-style-rounded aploanim blurin  aplo-has-transforms\" style=\"--aplo-transform-string:translateX(-1px) \"><img data-recalc-dims=\"1\" loading=\"lazy\" decoding=\"async\" width=\"460\" height=\"500\" data-id=\"374\" src=\"https:\/\/i0.wp.com\/huelvadigital.com\/pweb\/wp-content\/uploads\/2023\/04\/acc-visor-TD777.png?resize=460%2C500&#038;ssl=1\" alt=\"\" class=\"wp-image-374\" style=\"border-style:none;border-width:0px\" srcset=\"https:\/\/i0.wp.com\/huelvadigital.com\/pweb\/wp-content\/uploads\/2023\/04\/acc-visor-TD777.png?w=460&amp;ssl=1 460w, https:\/\/i0.wp.com\/huelvadigital.com\/pweb\/wp-content\/uploads\/2023\/04\/acc-visor-TD777.png?resize=276%2C300&amp;ssl=1 276w\" sizes=\"auto, (max-width: 460px) 100vw, 460px\" \/><\/figure>\n<\/figure>\n\n\n\n<p class=\"has-text-align-center\">Contamos con las mejores marcas del mercado, terminales de calidad, fabricado expresamente para sacar el mejor partido a el software de TPV, la combinaci\u00f3n perfecta para una experiencia 100% TPV. Comodidad, facilidad, rentabilidad y tambi\u00e9n muy importante durabilidad<\/p>\n\n\n\n<p class=\"has-text-align-center\">No lo dude, solicite una demostraci\u00f3n totalmente gratuita, vea, toque y experimente lo que Huelva Digital puede hacer por ti y tu negocio.<\/p>\n\n\n\n<div class=\"wp-block-cover is-light aploanim flipin \"><span aria-hidden=\"true\" class=\"wp-block-cover__background has-background-dim\"><\/span><img data-recalc-dims=\"1\" loading=\"lazy\" decoding=\"async\" width=\"640\" height=\"452\" class=\"wp-block-cover__image-background wp-image-348\" alt=\"\" src=\"https:\/\/i0.wp.com\/huelvadigital.com\/pweb\/wp-content\/uploads\/2023\/04\/presentacion.webp?resize=640%2C452&#038;ssl=1\" style=\"object-position:50% 30%\" data-object-fit=\"cover\" data-object-position=\"50% 30%\"\/><div class=\"wp-block-cover__inner-container is-layout-flow wp-block-cover-is-layout-flow\">\n<div class=\"wp-block-buttons aplo-has-transforms aplo-has-hover-transforms aplo-has-pull-styles is-horizontal is-content-justification-right is-layout-flex wp-container-core-buttons-is-layout-63763d27 wp-block-buttons-is-layout-flex\" style=\"--aplo-transform-string:scale(0.8) ;--aplo-transform-hover-string:scale(0.8) ;margin-top:5px;margin-bottom:200px;margin-left:400px;margin-right:200px\">\n<div class=\"wp-block-button has-custom-width wp-block-button__width-75 is-style-fill is-style-texture-one\"><a class=\"wp-block-button__link has-text-align-center wp-element-button\" href=\"https:\/\/huelvadigital.com\/pweb\/solicitar-demostracion\/\" target=\"_blank\" rel=\"noreferrer noopener\">SOLICITAR DEMO<\/a><\/div>\n<\/div>\n\n\n\n<p class=\"has-large-font-size\">  <\/p>\n<\/div><\/div>\n<\/div>\n","protected":false},"excerpt":{"rendered":"<p>En 1998, cuando Huelva Digital abri\u00f3 sus puestas, el TPV no exist\u00eda, eran las registradoras las que controlaban las transacciones de un negocio. Pero eso ya cambio, el TPV entro en la vida del empresario espa\u00f1ol para darle comodidad y rentabilidad de su negocio. En Huelva Digital, siempre fuimos profesionales de la registradora, pero como [&hellip;]<\/p>\n","protected":false},"author":1,"featured_media":0,"parent":0,"menu_order":0,"comment_status":"closed","ping_status":"closed","template":"","meta":{"nf_dc_page":"","footnotes":""},"class_list":["post-206","page","type-page","status-publish","hentry"],"jetpack_sharing_enabled":true,"_links":{"self":[{"href":"https:\/\/huelvadigital.com\/pweb\/wp-json\/wp\/v2\/pages\/206","targetHints":{"allow":["GET"]}}],"collection":[{"href":"https:\/\/huelvadigital.com\/pweb\/wp-json\/wp\/v2\/pages"}],"about":[{"href":"https:\/\/huelvadigital.com\/pweb\/wp-json\/wp\/v2\/types\/page"}],"author":[{"embeddable":true,"href":"https:\/\/huelvadigital.com\/pweb\/wp-json\/wp\/v2\/users\/1"}],"replies":[{"embeddable":true,"href":"https:\/\/huelvadigital.com\/pweb\/wp-json\/wp\/v2\/comments?post=206"}],"version-history":[{"count":20,"href":"https:\/\/huelvadigital.com\/pweb\/wp-json\/wp\/v2\/pages\/206\/revisions"}],"predecessor-version":[{"id":449,"href":"https:\/\/huelvadigital.com\/pweb\/wp-json\/wp\/v2\/pages\/206\/revisions\/449"}],"wp:attachment":[{"href":"https:\/\/huelvadigital.com\/pweb\/wp-json\/wp\/v2\/media?parent=206"}],"curies":[{"name":"wp","href":"https:\/\/api.w.org\/{rel}","templated":true}]}}